39.
21
Suppose -t = -1, -2*p + t + 445 = 18. Calculate the remainder when p is divided by 6/(-4) - (-10)/(60/117).
16
Suppose 0 = 5*b + 4*r - 16 - 7, 4*b - 2*r = 8. Suppose -l = 7*l. Suppose -4*p = -j - 15 - 30, -j - 5 = l. Calculate the remainder when p is divided by b.
1
Suppose r + 5*z - 2359 = 0, -4*r - 5*z + 6398 = -3083. What is the remainder when r is divided by 54?
52
Suppose 3131 = 4*j + 5*v, 5 = 76*v - 77*v. What is the remainder when 2376 is divided by j?
9
Suppose -4*j + t = -342, 4*j - t - 81 = 3*j. What is the remainder when 352 is divided by j?
4
Let s = 167 - 187. What is the remainder when 39 is divided by s/3*(-297)/132?
9
What is the remainder when 1092 is divided by (-11 - (-315)/27)*(-2154)/(-4)?
15
Let r(m) = -m**3 - 4*m**2 - 4*m - 4. Let l be r(-4). Suppose 0 = l*a - 13*a + 11. What is the remainder when a is divided by (3/((-3)/(-2)))/(6/9)?
2
Let d(l) = 142*l - 403. Calculate the remainder when 93 is divided by d(3).
1
Let q = -5936 - -5982. What is the remainder when 95 is divided by q?
3
Suppose 1160 + 170 = 5*f. Calculate the remainder when f is divided by 326/22 - (-978)/1467*3/11.
11
Let a = 322 + -138. Suppose -7*k + a = 604. What is the remainder when 2/10 + (-3588)/k is divided by 17?
9
Let h(l) = -39*l + 143. Calculate the remainder when 693 is divided by h(3).
17
Let t(k) = -k**3 + k**2 + 25*k + 3. Let u be t(-10). Suppose 5*q - u = -s, 3*q = -3*s + 6*s + 501. What is the remainder when q is divided by 25?
20
Suppose 276 = 5*j - 2*j. Suppose 4*b + 5 = 4*h + 129, 2*b - 68 = -h. Suppose -u = 3*v - b, -3*u + 3*v = -0*u - 63. What is the remainder when j is divided by u?
20
Suppose -47 = -2*g - 3*q, -15*g + 6*q + 77 = -10*g. Let n = 305 - 214. What is the remainder when n is divided by g?
15
Let g = 50 - 41. Let q be 1*((-3)/g + 51/(-9)). Let k(j) = -10*j + 6. Calculate the remainder when k(q) is divided by 23.
20
Let o(z) = 15*z**3 + 2*z**2 + 2*z - 1. Calculate the remainder when o(2) is divided by 2/(14 + -10 + 43/(-11)).
21
Let u(j) = j**2 - 4 + j**2 - 354*j + 356*j. Calculate the remainder when 2/(-8) - 580/(-16) is divided by u(-4).
16
Suppose 0 = 9*z - 4*z - 220. Suppose -z + 40 = 4*i. Calculate the remainder when 12 is divided by (i + 0 + -4)/(-1).
2
Suppose -4*z - 3*n = -13214, 2*n + 509 - 3805 = -z. Calculate the remainder when z is divided by 81.
68
Let t be 2 + 4*4*3/24. Suppose -5*u + 3*z = -44, -t*u + 31 = -0*u - z. What is the remainder when 41 is divided by (((-63)/15)/u)/((-2)/50)?
11
Let z(g) = -28*g**3 - 2*g**2 - 4*g - 6. Let h be z(-2). Suppose 8*x - h = 374. Calculate the remainder when x is divided by 19.
17
Suppose -15*p - 178 = -0*p - 508. Calculate the remainder when 16015 is divided by p.
21
Let w be -259 + -9 + 3 - 6. Let r = -250 - w. Let l(o) = 12*o**2 + 1. What is the remainder when r is divided by l(-1)?
8
Let p = 135 + -54. Suppose -47*n + 121*n - 2072 = 0. What is the remainder when p is divided by n?
25
Let h = -70 + 72. Let d(q) = q**2 + 4*q - 2. Let o be d(h). Calculate the remainder when (1604/(-7))/(-4) - o/35 is divided by 30.
27
Suppose 5*v = 4*o + 50, 4*v = -4*o + 9*o + 49. Let c be 2/v + (-418)/(-6) - -3. Let u = c - 40. Calculate the remainder when u is divided by 12.
9
Suppose -j = 2*c - 15, -5*c + 7 - 22 = -5*j. Let v(x) = -x**3 + 8*x**2 - 5*x - 8. Suppose 0 = -5*i + 30. What is the remainder when v(i) is divided by j?
6
Suppose -174*y + 471 - 1728 = -10131. Calculate the remainder when 7545 is divided by y.
48
Let b be (-57)/76 + 9265/(-20). Let n = -458 - b. What is the remainder when 39 is divided by n?
3
Let o = -8085 + 10400. What is the remainder when o is divided by 58?
53
Suppose -21*h + 10*h = 99. Calculate the remainder when (-2 - (-176)/(-3))*h/6 is divided by 33.
25
Let p = 14340 + -13891. Calculate the remainder when p is divided by 9.
8
Let u(r) = -14*r. Let y(d) = -11*d + 22. Let b be y(2). Suppose 9 = -46*n + 45*n + 5*f, b = -5*n - 4*f + 42. What is the remainder when u(-1) is divided by n?
2
Suppose -28*n + 18820 = 6164. Let z = -444 + n. Calculate the remainder when 54 is divided by z.
6
Suppose 317 - 5 = 3*y. Let l(q) = 15*q**2 + 49*q + 46. What is the remainder when y is divided by l(-1)?
8
Suppose 0 = -146*v + 153*v - 2758. What is the remainder when v is divided by 211?
183
Suppose 3*c - m = 763, 0 = -3*c + 4*m - 172 + 947. Suppose 13*g = 12*g + c. Calculate the remainder when g is divided by 32.
29
Let v(q) = 30*q**2 + 7*q - 4. Let p be v(5). Suppose -4*r - 3*x + 5*x + 778 = 0, 4*r - 5*x = p. Calculate the remainder when r is divided by 14.
12
Let h be (-8)/(32/(-90)) - (-5)/(-10). Let f(t) = 17*t - 358. What is the remainder when 31 is divided by f(h)?
15
Suppose -12 = -3*p, 3*x - 4*p - 1385 = 309. Calculate the remainder when x is divided by 4.
2
Suppose -752 = -3*z - 5*q, 5*z = 2*z - 3*q + 744. Calculate the remainder when z is divided by ((-311)/(-1244))/(1*2/48).
4
Let k = 21205 - 20563. Calculate the remainder when k is divided by 162.
156
Let w = 244 + -230. Suppose -r = s - 28, 0 = 5*r - w*s + 17*s - 132. Calculate the remainder when 70 is divided by r.
22
Suppose -2*i - 4*k - 11 = k, -i + 5*k - 13 = 0. What is the remainder when 65 is divided by ((6 - -5) + -2)*i/(-3)?
17
Calculate the remainder when (1*7)/(1/11) is divided by ((-2)/(-10) - 98/(-10))*1204/602.
17
Let g = -27 - -31. Suppose g*q - 36 - 92 = 0. What is the remainder when 120 is divided by q?
24
Let p = -2 - -17. Suppose 489 - 181 = 14*v. What is the remainder when v is divided by p?
7
Let w(o) = 2*o**3 + 78*o**2 - 146*o - 12. Let j = 56 - -1. What is the remainder when j is divided by w(2)?
9
Suppose 12*s - 634 - 30344 = 3*s. Calculate the remainder when s is divided by 214.
18
Let o(c) = -c**3 - 11*c**2 - 31*c - 89. Calculate the remainder when (-110)/(-44)*(-928)/(-10) is divided by o(-10).
111
Let d = 6742 - 3719. What is the remainder when d is divided by 72?
71
Let j(l) = -2 + 5 - 26*l + 0 + 7*l. Let p(y) = 19*y - 2. Let w(z) = 7*j(z) + 6*p(z). Calculate the remainder when w(-2) is divided by 8.
7
Suppose 7560 = -4974*t + 5016*t. Calculate the remainder when t is divided by 61.
58
Suppose 25554 = 43*f + 9190 - 8103. Calculate the remainder when f is divided by 172.
53
Let l(x) = x**3 + 10*x**2 + 2*x + 20. Let d be l(-10). Suppose 18*z - z - 765 = d. Let o = -5 - -29. Calculate the remainder when z is divided by o.
21
Let j = 2281 + -2224. What is the remainder when 367 is divided by j?
25
What is the remainder when 1488 is divided by (-25)/(-15) - 7320/(-90)?
77
Suppose 0 = 5*j + 13*s - 16*s - 1951, 0 = j - 2*s - 386. Calculate the remainder when j is divided by 66.
62
Suppose 2*m - 27*s = -30*s + 60, 3*m + 5*s = 93. What is the remainder when 11591 is divided by m?
20
Let u(n) = -5*n - 31. Let t be u(-5). Let z = 3 + 95. Calculate the remainder when z is divided by (-4 - -6)*7 - t.
18
Let v = -824 + 861. Suppose z = 3*z + s - v, 0 = z - s - 14. Calculate the remainder when 356 is divided by z.
16
Let h be 36/10 - 2*(-3)/15. Suppose h*b - 3*b - 2 = 0. What is the remainder when 90 is divided by 1/((b/5)/(184/20))?
21
Suppose 0 = -5*r + 27*d - 26*d + 223, 2*r - 85 = -d. What is the remainder when 4044 is divided by r?
40
Let c = 132 + -129. Suppose -12*k + 7*k + 347 = c*j, -4*j = -3*k + 214. Calculate the remainder when k is divided by 18.
16
Suppose -305*v + 5*j = -308*v + 361, 5*v + 3*j = 591. What is the remainder when 841 is divided by v?
22
Suppose -110*y = -107*y - 1266. Let h = y + -110. What is the remainder when h is divided by 15?
12
Let n = 13169 + -11571. What is the remainder when n is divided by 50?
48
Let a = 264 + -216. Suppose -h - a = -157. Calculate the remainder when h is divided by -1 - (-1*29 + 0).
25
Let f be ((-8)/5 + 2/(-5))*-100. Suppose -6*g = j - 2*g - 111, 3*g + f = 2*j. Calculate the remainder when j is divided by 26.
25
Suppose -292 = -2*w + 122. Suppose w - 185 = o. Let h = -35 + 119. What is the remainder when h is divided by o?
18
Let a = -3420 - -3436. What is the remainder when 1278 is divided by a?
14
Let b(w) = w**3 - 6*w**2 - 6*w + 5. Let s be b(7). Let g be s/21*28/8. What is the remainder when (-6 + 77/14)*(-72)/g is divided by 12?
6
Suppose -30 = -10*s - 0*s. Suppose -s*y + n + 0*n + 54 = 0, 5*n = 3*y - 54. What is the remai